79728.
2, 3, 11, 151
List the prime factors of 1451.
1451
List the prime factors of 4522.
2, 7, 17, 19
What are the prime factors of 1061?
1061
What are the prime factors of 35572?
2, 8893
List the prime factors of 16234.
2, 8117
List the prime factors of 5654.
2, 11, 257
List the prime factors of 3979.
23, 173
List the prime factors of 11945.
5, 2389
What are the prime factors of 851?
23, 37
List the prime factors of 1698.
2, 3, 283
What are the prime factors of 3545?
5, 709
List the prime factors of 4045.
5, 809
What are the prime factors of 1827?
3, 7, 29
List the prime factors of 951.
3, 317
List the prime factors of 8032.
2, 251
What are the prime factors of 52971?
3, 17657
What are the prime factors of 2673?
3, 11
List the prime factors of 387.
3, 43
What are the prime factors of 96337?
96337
List the prime factors of 19338.
2, 3, 11, 293
List the prime factors of 49663.
49663
What are the prime factors of 1948?
2, 487
What are the prime factors of 23386?
2, 11, 1063
List the prime factors of 716.
2, 179
What are the prime factors of 15029?
7, 19, 113
List the prime factors of 525.
3, 5, 7
What are the prime factors of 156?
2, 3, 13
List the prime factors of 1481.
1481
What are the prime factors of 2467?
2467
List the prime factors of 60725.
5, 7, 347
What are the prime factors of 30041?
11, 2731
List the prime factors of 115.
5, 23
What are the prime factors of 5787?
3, 643
List the prime factors of 26967.
3, 89, 101
List the prime factors of 512.
2
What are the prime factors of 101927?
7, 14561
What are the prime factors of 35573?
35573
List the prime factors of 23882.
2, 11941
What are the prime factors of 3680?
2, 5, 23
What are the prime factors of 17491?
17491
What are the prime factors of 9647?
11, 877
What are the prime factors of 2596?
2, 11, 59
List the prime factors of 610.
2, 5, 61
List the prime factors of 13125.
3, 5, 7
List the prime factors of 27583.
27583
What are the prime factors of 945?
3, 5, 7
What are the prime factors of 395?
5, 79
List the prime factors of 2098.
2, 1049
What are the prime factors of 82747?
7, 11821
List the prime factors of 882.
2, 3, 7
List the prime factors of 38197.
38197
List the prime factors of 1617.
3, 7, 11
List the prime factors of 23471.
7, 479
List the prime factors of 13323.
3, 4441
What are the prime factors of 822?
2, 3, 137
What are the prime factors of 3072?
2, 3
What are the prime factors of 9831?
3, 29, 113
List the prime factors of 68.
2, 17
What are the prime factors of 6052?
2, 17, 89
What are the prime factors of 9658?
2, 11, 439
What are the prime factors of 2920?
2, 5, 73
List the prime factors of 9728.
2, 19
List the prime factors of 60582.
2, 3, 23, 439
List the prime factors of 11528.
2, 11, 131
List the prime factors of 18525.
3, 5, 13, 19
List the prime factors of 24344.
2, 17, 179
List the prime factors of 15191.
11, 1381
List the prime factors of 650.
2, 5, 13
List the prime factors of 3362.
2, 41
What are the prime factors of 12689?
12689
What are the prime factors of 7135?
5, 1427
List the prime factors of 68607.
3, 7, 11
List the prime factors of 55676.
2, 31, 449
What are the prime factors of 6839?
7, 977
What are the prime factors of 1292?
2, 17, 19
What are the prime factors of 911?
911
List the prime factors of 256.
2
What are the prime factors of 1397?
11, 127
List the prime factors of 126844.
2, 19, 1669
List the prime factors of 8531.
19, 449
What are the prime factors of 2820?
2, 3, 5, 47
List the prime factors of 5309.
5309
What are the prime factors of 6970?
2, 5, 17, 41
List the prime factors of 3921.
3, 1307
List the prime factors of 143990.
2, 5, 7, 11, 17
What are the prime factors of 12270?
2, 3, 5, 409
What are the prime factors of 26549?
139, 191
What are the prime factors of 2178?
2, 3, 11
What are the prime factors of 30891?
3, 7, 1471
What are the prime factors of 1642?
2, 821
What are the prime factors of 8423?
8423
What are the prime factors of 31467?
3, 17, 617
What are the prime factors of 1604?
2, 401
What are the prime factors of 1264?
2, 79
What are the prime factors of 2783?
11, 23
What are the prime factors of 82739?
17, 31, 157
What are the prime factors of 841?
29
What are the prime factors of 2530?
2, 5, 11, 23
What are the prime factors of 790?
2, 5, 79
List the prime factors of 73338.
2, 3, 17, 719
List the prime factors of 2621.
2621
What are the prime factors of 1974?
2, 3, 7, 47
What are the prime factors of 34544?
2, 17, 127
What are the prime factors of 6985?
5, 11, 127
List the prime factors of 11604.
2, 3, 967
List the prime factors of 79307.
71, 1117
List the prime factors of 971.
971
What are the prime factors of 50683?
50683
What are the prime factors of 15127?
7, 2161
What are the prime factors of 2918?
2, 1459
What are the prime factors of 16445?
5, 11, 13, 23
What are the prime factors of 1268?
2, 317
List the prime factors of 16494.
2, 3, 2749
What are the prime factors of 1614?
2, 3, 269
What are the prime factors of 135895?
5, 27179
List the prime factors of 101247.
3, 33749
List the prime factors of 5405.
5, 23, 47
List the prime factors of 30695.
5, 7, 877
What are the prime factors of 46127?
193, 239
What are the prime factors of 12804?
2, 3, 11, 97
List the prime factors of 1905.
3, 5, 127
What are the prime factors of 1100?
2, 5, 11
List the prime factors of 18488.
2, 2311
List the prime factors of 1147.
31, 37
List the prime factors of 1524.
2, 3, 127
What are the prime factors of 33794?
2, 61, 277
List the prime factors of 768.
2, 3
List the prime factors of 1749.
3, 11, 53
List the prime factors of 39358.
2, 11, 1789
What are the prime factors of 28956?
2, 3, 19, 127
List the prime factors of 5403.
3, 1801
What are the prime factors of 12524?
2, 31, 101
List the prime factors of 3772.
2, 23, 41
List the prime factors of 14390.
2, 5, 1439
What are the prime factors of 987?
3, 7, 47
What are the prime factors of 720?
2, 3, 5
List the prime factors of 28126.
2, 7, 41
What are the prime factors of 445?
5, 89
What are the prime factors of 2446?
2, 1223
What are the prime factors of 9579?
3, 31, 103
List the prime factors of 9806.
2, 4903
List the prime factors of 12911.
12911
What are the prime factors of 1554?
2, 3, 7, 37
What are the prime factors of 580?
2, 5, 29
List the prime factors of 1067.
11, 97
List the prime factors of 3900.
2, 3, 5, 13
What are the prime factors of 982?
2, 491
What are the prime factors of 5016?
2, 3, 11, 19
What are the prime factors of 2915?
5, 11, 53
What are the prime factors of 3674?
2, 11, 167
What are the prime factors of 11885?
5, 2377
What are the prime factors of 10402?
2, 7, 743
What are the prime factors of 177674?
2, 7, 37
List the prime factors of 57067.
149, 383
List the prime factors of 21059.
21059
What are the prime factors of 27221?
163, 167
What are the prime factors of 22212?
2, 3, 617
What are the prime factors of 117?
3, 13
What are the prime factors of 11174?
2, 37, 151
What are the prime factors of 31?
31
What are the prime factors of 64707?
3, 21569
List the prime factors of 827.
827
What are the prime factors of 20719?
20719
List the prime factors of 759.
3, 11, 23
What are the prime factors of 694?
2, 347
List the prime factors of 2043.
3, 227
List the prime factors of 1528.
2, 191
List the prime factors of 10401.
3, 3467
List the prime factors of 12330.
2, 3, 5, 137
List the prime factors of 174.
2, 3, 29
What are the prime factors of 792?
2, 3, 11
List the prime factors of 51411.
3, 17137
List the prime factors of 1443.
3, 13, 37
List the prime factors of 8047.
13, 619
What are the prime factors of 7510?
2, 5, 751
List the prime factors of 1397.
11, 127
What are the prime factors of 18504?
2, 3, 257
List the prime factors of 11.
11
What are the prime factors of 44688?
2, 3, 7, 19
What are the prime factors of 1314?
2, 3, 73
What are the prime factors of 2746?
2, 1373
What are the prime factors of 5458?
2, 2729
List the prime factors of 148346.
2, 11, 613
What are the prime factors of 537?
3, 179
What are the prime factors of 2746?
2, 1373
List the prime factors of 95638.
2, 47819
List the prime factors of 28100.
2, 5, 281
What are the prime factors of 500?
2, 5
What are the prime factors of 45352?
2, 5669
List the prime factors of 36683.
36683
List 